{"id":315,"date":"2024-12-03T08:18:57","date_gmt":"2024-12-03T08:18:57","guid":{"rendered":"https:\/\/gaviaspreview.com\/wp\/homirx\/?page_id=315"},"modified":"2025-10-11T17:30:20","modified_gmt":"2025-10-11T17:30:20","slug":"actualite","status":"publish","type":"page","link":"https:\/\/massafric.net\/index.php\/actualite\/","title":{"rendered":"Actualit\u00e9"},"content":{"rendered":"\t\t<div data-elementor-type=\"wp-page\" data-elementor-id=\"315\" class=\"elementor elementor-315\">\n\t\t\t\t<div class=\"elementor-element elementor-element-6acfdbd e-flex e-con-boxed e-con e-parent\" data-id=\"6acfdbd\" data-element_type=\"container\" data-e-type=\"container\" data-settings=\"{&quot;background_background&quot;:&quot;classic&quot;}\">\n\t\t\t\t\t<div class=\"e-con-inner\">\n\t\t<div class=\"elementor-element elementor-element-6ee030b e-con-full e-flex e-con e-child\" data-id=\"6ee030b\" data-element_type=\"container\" data-e-type=\"container\">\n\t\t\t\t<div class=\"elementor-element elementor-element-0177680 over-hidden elementor-widget elementor-widget-gva_post_breadcrumb\" data-id=\"0177680\" data-element_type=\"widget\" data-e-type=\"widget\" data-widget_type=\"gva_post_breadcrumb.default\">\n\t\t\t\t<div class=\"elementor-widget-container\">\n\t\t\t\t\t<div class=\"gva-element-gva_post_breadcrumb gva-element\">   \r\n<div class=\"post-breadcrumb\">\r\n   <div class=\"custom-breadcrumb \" >\r\n            <div class=\"breadcrumb-main\">\r\n        <div class=\"container\">\r\n          <div class=\"breadcrumb-container-inner\">\r\n            <h2 class=\"heading-title\">Actualit\u00e9<\/h2><ol class=\"breadcrumb\"><li><a href=\"https:\/\/massafric.net\">Home<\/a> <\/li> <li class=\"active\">Page<\/li><\/ol>          <\/div>  \r\n        <\/div>   \r\n      <\/div>  \r\n   <\/div>\r\n<\/div>      \r\n\r\n<\/div>\t\t\t\t<\/div>\n\t\t\t\t<\/div>\n\t\t\t\t<\/div>\n\t\t\t\t\t<\/div>\n\t\t\t\t<\/div>\n\t\t<div class=\"elementor-element elementor-element-e4a3245 e-flex e-con-boxed e-con e-parent\" data-id=\"e4a3245\" data-element_type=\"container\" data-e-type=\"container\">\n\t\t\t\t\t<div class=\"e-con-inner\">\n\t\t<div class=\"elementor-element elementor-element-c5701ab e-con-full e-flex e-con e-child\" data-id=\"c5701ab\" data-element_type=\"container\" data-e-type=\"container\">\n\t\t\t\t<div class=\"elementor-element elementor-element-9d23217 elementor-widget elementor-widget-gva-posts\" data-id=\"9d23217\" data-element_type=\"widget\" data-e-type=\"widget\" data-widget_type=\"gva-posts.default\">\n\t\t\t\t<div class=\"elementor-widget-container\">\n\t\t\t\t\t<div class=\"gva-element-gva-posts gva-element\">  \r\n  <div class=\"gva-posts-grid clearfix gva-posts\">\r\n\t\t<div class=\"gva-content-items\"> \r\n\t\t  <div class=\"lg-block-grid-3 md-block-grid-3 sm-block-grid-2 xs-block-grid-2 xx-block-grid-1\">\r\n\t\t\t <div class=\"item-columns\">\r\n<article id=\"post-579\" class=\"post post-style-2 post-579 type-post status-publish format-standard has-post-thumbnail hentry category-uncategorized\">\r\n   <div class=\"post-thumbnail\" style=\"background-image:url('https:\/\/massafric.net\/wp-content\/uploads\/2025\/10\/20251011_1408_Bamako-Urban-Development_simple_compose_01k79sgzhpfajt9gajnt5008dj-560x370.png');\"><\/div>   \r\n   <div class=\"entry-content\">\r\n      <div class=\"content-inner\">\r\n         <div class=\"entry-meta\">\r\n            <div class=\"left\"><img alt='' src='https:\/\/secure.gravatar.com\/avatar\/dadee0d3205f32a69ce5d870e5fce1af40feb35ce47f682db72014caee51f80a?s=160&#038;d=mm&#038;r=g' srcset='https:\/\/secure.gravatar.com\/avatar\/dadee0d3205f32a69ce5d870e5fce1af40feb35ce47f682db72014caee51f80a?s=320&#038;d=mm&#038;r=g 2x' class='avatar avatar-160 photo' height='160' width='160' \/><\/div><div class=\"right\"><span class=\"author vcard\"><i class=\"far fa-user-circle\"><\/i>by&nbsp;admin9903<\/span><span class=\"post-comment\"><i class=\"far fa-comments\"><\/i>0 comments<\/span><\/div>         <\/div> \r\n         <h2 class=\"entry-title\">\r\n            <a href=\"https:\/\/massafric.net\/index.php\/2025\/10\/11\/les-lois-encadrant-la-promotion-immobiliere-au-mali\/\">Les lois encadrant la promotion immobili\u00e8re au Mali<\/a>\r\n         <\/h2>\r\n      <\/div>\r\n      \r\n      <div class=\"read-more\">\r\n         <a href=\"https:\/\/massafric.net\/index.php\/2025\/10\/11\/les-lois-encadrant-la-promotion-immobiliere-au-mali\/\">\r\n            <i class=\"icon  hicon-arrow-right-1\"><\/i>\r\n         <\/a>\r\n      <\/div>\r\n   <\/div>\r\n   <a href=\"https:\/\/massafric.net\/index.php\/2025\/10\/11\/les-lois-encadrant-la-promotion-immobiliere-au-mali\/\" class=\"link-overlay\" aria-label=\"link\"><\/a>\r\n<\/article>   \r\n\r\n  <\/div><div class=\"item-columns\">\r\n<article id=\"post-577\" class=\"post post-style-2 post-577 type-post status-publish format-standard has-post-thumbnail hentry category-uncategorized\">\r\n   <div class=\"post-thumbnail\" style=\"background-image:url('https:\/\/massafric.net\/wp-content\/uploads\/2025\/10\/DSC9605-560x370.jpg');\"><\/div>   \r\n   <div class=\"entry-content\">\r\n      <div class=\"content-inner\">\r\n         <div class=\"entry-meta\">\r\n            <div class=\"left\"><img alt='' src='https:\/\/secure.gravatar.com\/avatar\/dadee0d3205f32a69ce5d870e5fce1af40feb35ce47f682db72014caee51f80a?s=160&#038;d=mm&#038;r=g' srcset='https:\/\/secure.gravatar.com\/avatar\/dadee0d3205f32a69ce5d870e5fce1af40feb35ce47f682db72014caee51f80a?s=320&#038;d=mm&#038;r=g 2x' class='avatar avatar-160 photo' height='160' width='160' \/><\/div><div class=\"right\"><span class=\"author vcard\"><i class=\"far fa-user-circle\"><\/i>by&nbsp;admin9903<\/span><span class=\"post-comment\"><i class=\"far fa-comments\"><\/i>0 comments<\/span><\/div>         <\/div> \r\n         <h2 class=\"entry-title\">\r\n            <a href=\"https:\/\/massafric.net\/index.php\/2025\/10\/11\/le-titre-foncier-individuel-votre-vraie-garantie-de-propriete\/\">Le Titre Foncier Individuel \u2013 Votre vraie garantie de propri\u00e9t\u00e9<\/a>\r\n         <\/h2>\r\n      <\/div>\r\n      \r\n      <div class=\"read-more\">\r\n         <a href=\"https:\/\/massafric.net\/index.php\/2025\/10\/11\/le-titre-foncier-individuel-votre-vraie-garantie-de-propriete\/\">\r\n            <i class=\"icon  hicon-arrow-right-1\"><\/i>\r\n         <\/a>\r\n      <\/div>\r\n   <\/div>\r\n   <a href=\"https:\/\/massafric.net\/index.php\/2025\/10\/11\/le-titre-foncier-individuel-votre-vraie-garantie-de-propriete\/\" class=\"link-overlay\" aria-label=\"link\"><\/a>\r\n<\/article>   \r\n\r\n  <\/div><div class=\"item-columns\">\r\n<article id=\"post-575\" class=\"post post-style-2 post-575 type-post status-publish format-standard has-post-thumbnail hentry category-uncategorized\">\r\n   <div class=\"post-thumbnail\" style=\"background-image:url('https:\/\/massafric.net\/wp-content\/uploads\/2025\/10\/Ce-que-disesnt-volet-gauche-560x370.jpg');\"><\/div>   \r\n   <div class=\"entry-content\">\r\n      <div class=\"content-inner\">\r\n         <div class=\"entry-meta\">\r\n            <div class=\"left\"><img alt='' src='https:\/\/secure.gravatar.com\/avatar\/dadee0d3205f32a69ce5d870e5fce1af40feb35ce47f682db72014caee51f80a?s=160&#038;d=mm&#038;r=g' srcset='https:\/\/secure.gravatar.com\/avatar\/dadee0d3205f32a69ce5d870e5fce1af40feb35ce47f682db72014caee51f80a?s=320&#038;d=mm&#038;r=g 2x' class='avatar avatar-160 photo' height='160' width='160' \/><\/div><div class=\"right\"><span class=\"author vcard\"><i class=\"far fa-user-circle\"><\/i>by&nbsp;admin9903<\/span><span class=\"post-comment\"><i class=\"far fa-comments\"><\/i>0 comments<\/span><\/div>         <\/div> \r\n         <h2 class=\"entry-title\">\r\n            <a href=\"https:\/\/massafric.net\/index.php\/2025\/10\/11\/comment-investir-a-distance-depuis-la-diaspora-avec-massafric-holding\/\">Comment investir \u00e0 distance depuis la diaspora avec MassAfric Holding<\/a>\r\n         <\/h2>\r\n      <\/div>\r\n      \r\n      <div class=\"read-more\">\r\n         <a href=\"https:\/\/massafric.net\/index.php\/2025\/10\/11\/comment-investir-a-distance-depuis-la-diaspora-avec-massafric-holding\/\">\r\n            <i class=\"icon  hicon-arrow-right-1\"><\/i>\r\n         <\/a>\r\n      <\/div>\r\n   <\/div>\r\n   <a href=\"https:\/\/massafric.net\/index.php\/2025\/10\/11\/comment-investir-a-distance-depuis-la-diaspora-avec-massafric-holding\/\" class=\"link-overlay\" aria-label=\"link\"><\/a>\r\n<\/article>   \r\n\r\n  <\/div><div class=\"item-columns\">\r\n<article id=\"post-571\" class=\"post post-style-2 post-571 type-post status-publish format-standard hentry category-uncategorized\">\r\n   <div class=\"post-thumbnail\" style=\"background-image:url('');\"><\/div>   \r\n   <div class=\"entry-content\">\r\n      <div class=\"content-inner\">\r\n         <div class=\"entry-meta\">\r\n            <div class=\"left\"><img alt='' src='https:\/\/secure.gravatar.com\/avatar\/dadee0d3205f32a69ce5d870e5fce1af40feb35ce47f682db72014caee51f80a?s=160&#038;d=mm&#038;r=g' srcset='https:\/\/secure.gravatar.com\/avatar\/dadee0d3205f32a69ce5d870e5fce1af40feb35ce47f682db72014caee51f80a?s=320&#038;d=mm&#038;r=g 2x' class='avatar avatar-160 photo' height='160' width='160' \/><\/div><div class=\"right\"><span class=\"author vcard\"><i class=\"far fa-user-circle\"><\/i>by&nbsp;admin9903<\/span><span class=\"post-comment\"><i class=\"far fa-comments\"><\/i>0 comments<\/span><\/div>         <\/div> \r\n         <h2 class=\"entry-title\">\r\n            <a href=\"https:\/\/massafric.net\/index.php\/2025\/10\/11\/acheter-un-terrain-au-mali-les-7-etapes-cles-pour-securiser-votre-investissement\/\">Acheter un terrain au Mali \u2013 Les 7 \u00e9tapes cl\u00e9s pour s\u00e9curiser votre investissement<\/a>\r\n         <\/h2>\r\n      <\/div>\r\n      \r\n      <div class=\"read-more\">\r\n         <a href=\"https:\/\/massafric.net\/index.php\/2025\/10\/11\/acheter-un-terrain-au-mali-les-7-etapes-cles-pour-securiser-votre-investissement\/\">\r\n            <i class=\"icon  hicon-arrow-right-1\"><\/i>\r\n         <\/a>\r\n      <\/div>\r\n   <\/div>\r\n   <a href=\"https:\/\/massafric.net\/index.php\/2025\/10\/11\/acheter-un-terrain-au-mali-les-7-etapes-cles-pour-securiser-votre-investissement\/\" class=\"link-overlay\" aria-label=\"link\"><\/a>\r\n<\/article>   \r\n\r\n  <\/div><div class=\"item-columns\">\r\n<article id=\"post-1\" class=\"post post-style-2 post-1 type-post status-publish format-standard has-post-thumbnail hentry category-uncategorized\">\r\n   <div class=\"post-thumbnail\" style=\"background-image:url('https:\/\/massafric.net\/wp-content\/uploads\/2025\/07\/Reservez-votre-lot-V1-560x370.jpg');\"><\/div>   \r\n   <div class=\"entry-content\">\r\n      <div class=\"content-inner\">\r\n         <div class=\"entry-meta\">\r\n            <div class=\"left\"><img alt='' src='https:\/\/secure.gravatar.com\/avatar\/dadee0d3205f32a69ce5d870e5fce1af40feb35ce47f682db72014caee51f80a?s=160&#038;d=mm&#038;r=g' srcset='https:\/\/secure.gravatar.com\/avatar\/dadee0d3205f32a69ce5d870e5fce1af40feb35ce47f682db72014caee51f80a?s=320&#038;d=mm&#038;r=g 2x' class='avatar avatar-160 photo' height='160' width='160' \/><\/div><div class=\"right\"><span class=\"author vcard\"><i class=\"far fa-user-circle\"><\/i>by&nbsp;admin9903<\/span><span class=\"post-comment\"><i class=\"far fa-comments\"><\/i>0 comments<\/span><\/div>         <\/div> \r\n         <h2 class=\"entry-title\">\r\n            <a href=\"https:\/\/massafric.net\/index.php\/2025\/07\/29\/hello-world\/\">DEVENEZ PROPRI\u00c9TAIRE SANS STRESS !<\/a>\r\n         <\/h2>\r\n      <\/div>\r\n      \r\n      <div class=\"read-more\">\r\n         <a href=\"https:\/\/massafric.net\/index.php\/2025\/07\/29\/hello-world\/\">\r\n            <i class=\"icon  hicon-arrow-right-1\"><\/i>\r\n         <\/a>\r\n      <\/div>\r\n   <\/div>\r\n   <a href=\"https:\/\/massafric.net\/index.php\/2025\/07\/29\/hello-world\/\" class=\"link-overlay\" aria-label=\"link\"><\/a>\r\n<\/article>   \r\n\r\n  <\/div>\t\t  <\/div>\r\n\t\t<\/div>\r\n\t\t\t\t\t <div class=\"pagination\">\r\n\t\t\t\t  \t\t\t <\/div>\r\n\t\t  <\/div>\r\n  <\/div>\t\t\t\t<\/div>\n\t\t\t\t<\/div>\n\t\t\t\t<\/div>\n\t\t\t\t\t<\/div>\n\t\t\t\t<\/div>\n\t\t<div class=\"elementor-element elementor-element-e7b4443 e-flex e-con-boxed e-con e-parent\" data-id=\"e7b4443\" data-element_type=\"container\" data-e-type=\"container\">\n\t\t\t\t\t<div class=\"e-con-inner\">\n\t\t<div class=\"elementor-element elementor-element-fecd4af e-con-full e-flex e-con e-child\" data-id=\"fecd4af\" data-element_type=\"container\" data-e-type=\"container\">\n\t\t<div class=\"elementor-element elementor-element-7e016cc e-con-full e-flex e-con e-child\" data-id=\"7e016cc\" data-element_type=\"container\" data-e-type=\"container\" data-settings=\"{&quot;background_background&quot;:&quot;classic&quot;}\">\n\t\t<div class=\"elementor-element elementor-element-3799f36 e-con-full e-flex e-con e-child\" data-id=\"3799f36\" data-element_type=\"container\" data-e-type=\"container\">\n\t\t\t\t<div class=\"elementor-element elementor-element-245526d elementor-position-inline-start icon-box-left elementor-view-default elementor-mobile-position-block-start elementor-widget elementor-widget-icon-box\" data-id=\"245526d\" data-element_type=\"widget\" data-e-type=\"widget\" data-widget_type=\"icon-box.default\">\n\t\t\t\t\t\t\t<div class=\"elementor-icon-box-wrapper\">\n\n\t\t\t\t\t\t<div class=\"elementor-icon-box-icon\">\n\t\t\t\t<span  class=\"elementor-icon\">\n\t\t\t\t<i aria-hidden=\"true\" class=\" hicon-send\"><\/i>\t\t\t\t<\/span>\n\t\t\t<\/div>\n\t\t\t\n\t\t\t\t\t\t<div class=\"elementor-icon-box-content\">\n\n\t\t\t\t\t\t\t\t\t<h3 class=\"elementor-icon-box-title\">\n\t\t\t\t\t\t<span  >\n\t\t\t\t\t\t\tYour story starts from here\t\t\t\t\t\t<\/span>\n\t\t\t\t\t<\/h3>\n\t\t\t\t\n\t\t\t\t\t\t\t\t\t<p class=\"elementor-icon-box-description\">\n\t\t\t\t\t\tLet\u2019s visit the best location\t\t\t\t\t<\/p>\n\t\t\t\t\n\t\t\t<\/div>\n\t\t\t\n\t\t<\/div>\n\t\t\t\t\t\t<\/div>\n\t\t\t\t<\/div>\n\t\t<div class=\"elementor-element elementor-element-55dca68 e-con-full e-flex e-con e-child\" data-id=\"55dca68\" data-element_type=\"container\" data-e-type=\"container\">\n\t\t\t\t<div class=\"elementor-element elementor-element-2e5f2ab elementor-widget__width-auto elementor-widget elementor-widget-html\" data-id=\"2e5f2ab\" data-element_type=\"widget\" data-e-type=\"widget\" data-widget_type=\"html.default\">\n\t\t\t\t\t<a class=\"btn-white\" href=\"http:\/\/localhost\/wp\/qizon\/contact\/\">\n    Make it Happen\n<\/a>\t\t\t\t<\/div>\n\t\t\t\t<\/div>\n\t\t\t\t<\/div>\n\t\t\t\t<\/div>\n\t\t\t\t\t<\/div>\n\t\t\t\t<\/div>\n\t\t\t\t<\/div>\n\t\t","protected":false},"excerpt":{"rendered":"<p>Things to see and do when visiting New York Home by&nbsp;admin0 comments Top 8 Amazing Places to Stay in California by&nbsp;admin0 comments The surfing man will adventure your mind by&nbsp;admin0 [&hellip;]<\/p>\n","protected":false},"author":1,"featured_media":0,"parent":0,"menu_order":0,"comment_status":"closed","ping_status":"closed","template":"","meta":{"footnotes":""},"class_list":["post-315","page","type-page","status-publish","hentry"],"_links":{"self":[{"href":"https:\/\/massafric.net\/index.php\/wp-json\/wp\/v2\/pages\/315","targetHints":{"allow":["GET"]}}],"collection":[{"href":"https:\/\/massafric.net\/index.php\/wp-json\/wp\/v2\/pages"}],"about":[{"href":"https:\/\/massafric.net\/index.php\/wp-json\/wp\/v2\/types\/page"}],"author":[{"embeddable":true,"href":"https:\/\/massafric.net\/index.php\/wp-json\/wp\/v2\/users\/1"}],"replies":[{"embeddable":true,"href":"https:\/\/massafric.net\/index.php\/wp-json\/wp\/v2\/comments?post=315"}],"version-history":[{"count":1,"href":"https:\/\/massafric.net\/index.php\/wp-json\/wp\/v2\/pages\/315\/revisions"}],"predecessor-version":[{"id":601,"href":"https:\/\/massafric.net\/index.php\/wp-json\/wp\/v2\/pages\/315\/revisions\/601"}],"wp:attachment":[{"href":"https:\/\/massafric.net\/index.php\/wp-json\/wp\/v2\/media?parent=315"}],"curies":[{"name":"wp","href":"https:\/\/api.w.org\/{rel}","templated":true}]}}